{"id":179,"date":"2012-11-06T10:06:01","date_gmt":"2012-11-06T13:06:01","guid":{"rendered":"http:\/\/www.germain.cl\/?page_id=179"},"modified":"2012-12-21T15:31:35","modified_gmt":"2012-12-21T18:31:35","slug":"embarazo-para-expertos","status":"publish","type":"page","link":"http:\/\/www.germain.cl\/?page_id=179","title":{"rendered":"Embarazo para expertos"},"content":{"rendered":"<p>Esta p\u00e1gina est\u00e1 destinada a ofrecer al cuerpo m\u00e9dico y expertos en la materia un espacio de informaci\u00f3n e intercambio permanente con las \u00faltimas tendencias en el \u00e1rea de la Ginecolog\u00eda y la Obstetricia.<br \/>\nLa extensa trayectoria del Doctor Alfredo Germain le ha permitido conocer muy de cerca diversas problem\u00e1ticas que afectan a las mujeres durante el embarazo. Y ha escrito variados art\u00edculos sobre ellas. Ac\u00e1 usted podr\u00e1 encontrar algunas de gran inter\u00e9s, especialmente para expertos o cuerpo m\u00e9dico en general.<\/p>\n<p><a href=\"http:\/\/www.germain.cl\/wp-content\/uploads\/2012\/12\/Hypertension-2006.pdf\">Endothelial Dysfunction. A Link Among Preeclampsia, Recurrent Pregnancy Loss, and Future Cardiovascular Events?<\/a><\/p>\n<p><a href=\"http:\/\/www.germain.cl\/wp-content\/uploads\/2012\/12\/htapulm-emb-arginina-y-sildenafil.pdf\">Management of Eisenmenger Syndrome in Pregnancy With Sildenafil and L-arginine<\/a><\/p>\n<p><a href=\"http:\/\/www.germain.cl\/wp-content\/uploads\/2012\/12\/germainFROI-libro.pdf\">Falla reproductiva de origen isqu\u00e9mico<\/a><\/p>\n<p><a href=\"http:\/\/www.germain.cl\/wp-content\/uploads\/2012\/12\/cuevas.pdf\">A Failed Pregnancy Stress Test: A New and Under-Recognized Cardiovascular Risk Factor<\/a><\/p>\n<p><a href=\"http:\/\/www.germain.cl\/wp-content\/uploads\/2012\/12\/Colestasia-Intrahepatica.pdf\">Colestasia Intrahep\u00e1tica<\/a><\/p>\n<p><a href=\"http:\/\/www.germain.cl\/wp-content\/uploads\/2012\/12\/cie-miometriofinal.pdf\">Bile acids increase response and expression of human myometrial oxytocin receptor<\/a><\/p>\n<p><a href=\"http:\/\/www.germain.cl\/wp-content\/uploads\/2012\/12\/brazo-revmedchile.pdf\">Revista m\u00e9dica de Chile: Evaluaci\u00f3n ultrasonogr\u00e1fica de la funci\u00f3n endotelial en ni\u00f1os y adultos chilenos<\/a><\/p>\n<p><a href=\"http:\/\/www.germain.cl\/wp-content\/uploads\/2012\/12\/Articulo-Hypertension-2007.-Comment.pdf\">Art\u00edculo Hypertension: Maternal Fetal\/Placental Interactions and Abnormal Pregnancy Outcomes<\/a><\/p>\n<!-- AddThis Advanced Settings generic via filter on the_content --><!-- AddThis Share Buttons generic via filter on the_content -->","protected":false},"excerpt":{"rendered":"<p>Esta p\u00e1gina est\u00e1 destinada a ofrecer al cuerpo m\u00e9dico y expertos en la materia un espacio de informaci\u00f3n e intercambio permanente con las \u00faltimas tendencias en el \u00e1rea de la Ginecolog\u00eda y la Obstetricia. La extensa trayectoria del Doctor Alfredo Germain le ha permitido conocer muy de cerca diversas problem\u00e1ticas que afectan a las mujeres<\/p>\n<div class=\"more-link\">\n\t\t\t\t <a href=\"http:\/\/www.germain.cl\/?page_id=179\" class=\"link-btn theme-btn\"><span>Read More <\/span> <i class=\"fa fa-caret-right\"><\/i><\/a>\n\t\t\t<\/div>\n<p><!-- AddThis Advanced Settings generic via filter on get_the_excerpt --><!-- AddThis Share Buttons generic via filter on get_the_excerpt --><\/p>\n","protected":false},"author":4,"featured_media":0,"parent":0,"menu_order":0,"comment_status":"open","ping_status":"open","template":"","meta":{"jetpack_post_was_ever_published":false,"footnotes":""},"class_list":["post-179","page","type-page","status-publish","hentry"],"jetpack_sharing_enabled":true,"jetpack_shortlink":"https:\/\/wp.me\/P25f0v-2T","_links":{"self":[{"href":"http:\/\/www.germain.cl\/index.php?rest_route=\/wp\/v2\/pages\/179"}],"collection":[{"href":"http:\/\/www.germain.cl\/index.php?rest_route=\/wp\/v2\/pages"}],"about":[{"href":"http:\/\/www.germain.cl\/index.php?rest_route=\/wp\/v2\/types\/page"}],"author":[{"embeddable":true,"href":"http:\/\/www.germain.cl\/index.php?rest_route=\/wp\/v2\/users\/4"}],"replies":[{"embeddable":true,"href":"http:\/\/www.germain.cl\/index.php?rest_route=%2Fwp%2Fv2%2Fcomments&post=179"}],"version-history":[{"count":5,"href":"http:\/\/www.germain.cl\/index.php?rest_route=\/wp\/v2\/pages\/179\/revisions"}],"predecessor-version":[{"id":195,"href":"http:\/\/www.germain.cl\/index.php?rest_route=\/wp\/v2\/pages\/179\/revisions\/195"}],"wp:attachment":[{"href":"http:\/\/www.germain.cl\/index.php?rest_route=%2Fwp%2Fv2%2Fmedia&parent=179"}],"curies":[{"name":"wp","href":"https:\/\/api.w.org\/{rel}","templated":true}]}}