{"id":4,"date":"2012-07-22T16:47:09","date_gmt":"2012-07-22T16:47:09","guid":{"rendered":"http:\/\/www.germain.cl\/?page_id=4"},"modified":"2012-12-26T12:16:31","modified_gmt":"2012-12-26T15:16:31","slug":"dr-alfredo-germain","status":"publish","type":"page","link":"http:\/\/www.germain.cl\/?page_id=4","title":{"rendered":"Dr. Alfredo Germain"},"content":{"rendered":"<p>El doctor Alfredo Manuel Germain Aravena (casado y cuatro hijos), estudi\u00f3 Medicina General en la Universidad de Chile, y Obstetricia y Ginecolog\u00eda en la Pontificia Universidad Cat\u00f3lica de Chile.<\/p>\n<p>Realiz\u00f3 un Postgrado en Estados Unidos, en la Universidad de Texas, Dallas. Posteriormente, trabaj\u00f3 durante 15 a\u00f1os en Medicina Materno-Fetal, Ginecolog\u00eda y Obstetricia en la Facultad de Medicina de la Pontificia Universidad Cat\u00f3lica de Chile.<\/p>\n<p>Su \u00e1rea de inter\u00e9s actual est\u00e1 centrada en el cuidado y tratamiento de embarazos, en particular de aquellos que transcurren con dificultades.<\/p>\n<p>A continuaci\u00f3n, te invitamos a conocer el detalle de su curr\u00edculo.<\/p>\n<p><strong>\u00c1reas de Inter\u00e9s:<\/strong> Trombofilias, Falla reproductiva,  Aborto recurrente, Muerte fetal, Embarazos con enfermedades materno \u2013 fetales.<\/p>\n<p><strong>Certificaciones:<\/strong><br \/>\nObstetricia y Ginecolog\u00eda: Conacem  N\u00b0 de Registro 6163<br \/>\nMedicina Materno \u2013 Fetal: Conacem N\u00b0  de Registro 14202<\/p>\n<p><strong>Formaci\u00f3n y Posiciones Acad\u00e9micas:<\/strong> M\u00e9dico Cirujano. Facultad de Medicina de la Universidad de Chile, Divisi\u00f3n Ciencias  M\u00e9dicas Oriente, 1985.<\/p>\n<p>Beca de especializaci\u00f3n y Mag\u00edster en Obstetricia y Ginecolog\u00eda, Pontificia Universidad Cat\u00f3lica de Chile,  Mayo 1986 a Abril 1989.<\/p>\n<p>Post-Doctoral Fellowship in Maternal-Fetal Medicine and Reproductive Biology, University of Texas, Southwestern Medical Center, Dept. Ob\/Gyn and Cecil &#038; Ida Green Center, USA, de Enero de 1992 a Diciembre de 1993, University of Texas, SW Medical Center, USA.<\/p>\n<p>Director Laboratorio Investigaci\u00f3n Perinatal Departamento de Obstetricia y Ginecolog\u00eda, Facultad de Medicina Universidad Cat\u00f3lica 1989-2004.<\/p>\n<p>Profesor Facultad Medicina P. Universidad Cat\u00f3lica 1989-2004. Instructor, Profesor Auxiliar y Profesor Adjunto, hasta Diciembre 2004.<\/p>\n<p>Profesor Agregado Facultad de Medicina Universidad de Chile 2005-2008.<\/p>\n<p>Miembro Comisi\u00f3n Nacional Obst\u00e9trica y Neonatal, Ministerio de Salud, Chile, Mayo 2011 a la fecha.<\/p>\n<p>Formador y  Director del Centro Especializado de Vigilancia materno Fetal (CEVIM) en Clinica Las Condes,  2005- 2012. <\/p>\n<p>Primer Centro en la salud privada dedicado al cuidado de embarazos que transcurren con dificultades.<\/p>\n<p><strong>Publicaciones<\/strong><br \/>\na) Nacionales: 18<\/p>\n<p>b) Internacionales: 48<\/p>\n<p>c) Cap\u00edtulos de Libros 14<\/p>\n<p>d) Co-Editor y autor del libro: \u201cCuidados en el Embarazo\u201d. A. Germain y M. S\u00e1nchez. Ediciones Universidad Cat\u00f3lica de Chile.  2002.<\/p>\n<p>e) Co-Editor y autor libro: \u201cEmbarazo y Reci\u00e9n Nacido, Gu\u00eda para los Futuros Padres\u201d. Ediciones CLC \u2013 Origo 2010<br \/>\nSociedades M\u00e9dicas y Cient\u00edficas<\/p>\n<p>Sociedad Chilena de Reproducci\u00f3n y Desarrollo.  Chile \u2013 2000 a la fecha.<br \/>\nSociedad Chilena de Ultrasonido en Biolog\u00eda y Medicina. Chile-2001 a la fecha.<br \/>\nSociedad Chilena de Obstetricia y Ginecolog\u00eda.  Chile \u2013 2002 a la fecha.<br \/>\nSociedad Latinoamericana de Investigaci\u00f3n Pedi\u00e1trica (SLAIP)-1987 a la fecha.<br \/>\nSociety for Gynecologic Investigation, U.S.A.  &#8211;  1995 a la fecha.<br \/>\nSociety of Perinatal Obstetricians, U.S.A.  &#8211;  1995 a la fecha.<br \/>\nColegio Americano Ginecolog\u00eda y Obstetricia 2008 a la fecha<\/p>\n<p><strong>Distinciones:<\/strong><br \/>\nPremio Cecil &#038; Ida Green Center Award.  Cecil &#038; Ida Green Center for Reproductive Biology Sciences, 1992 \u2013 1993.<\/p>\n<p>Premio \u201cDr. Jorge D\u00edaz Bravo\u201d, como Co-autor al mejor trabajo de ingreso a la Sociedad Chilena de Ginecolog\u00eda y Obstetricia, 2002.<\/p>\n<p>Premio \u201cDr. Carlos Monckeberg Bravo\u201d como Autor al mejor trabajo cl\u00ednico en Medicina Perinatal, a\u00f1o 2002.  Sociedad Chilena de Ginecolog\u00eda y Obstetricia, 2003.<\/p>\n<p>Premio a la mejor contribuci\u00f3n en el Congreso Chileno de Ultrasonido en Ginecolog\u00eda y Obstetricia. Sociedad Chilena de Ultrasonograf\u00eda en Biolog\u00eda y Medicina, 2004.<\/p>\n<!-- AddThis Advanced Settings generic via filter on the_content --><!-- AddThis Share Buttons generic via filter on the_content -->","protected":false},"excerpt":{"rendered":"<p>El doctor Alfredo Manuel Germain Aravena (casado y cuatro hijos), estudi\u00f3 Medicina General en la Universidad de Chile, y Obstetricia y Ginecolog\u00eda en la Pontificia Universidad Cat\u00f3lica de Chile. Realiz\u00f3 un Postgrado en Estados Unidos, en la Universidad de Texas, Dallas. Posteriormente, trabaj\u00f3 durante 15 a\u00f1os en Medicina Materno-Fetal, Ginecolog\u00eda y Obstetricia en la Facultad<\/p>\n<div class=\"more-link\">\n\t\t\t\t <a href=\"http:\/\/www.germain.cl\/?page_id=4\" class=\"link-btn theme-btn\"><span>Read More <\/span> <i class=\"fa fa-caret-right\"><\/i><\/a>\n\t\t\t<\/div>\n<p><!-- AddThis Advanced Settings generic via filter on get_the_excerpt --><!-- AddThis Share Buttons generic via filter on get_the_excerpt --><\/p>\n","protected":false},"author":4,"featured_media":264,"parent":0,"menu_order":0,"comment_status":"open","ping_status":"open","template":"template-bio.php","meta":{"jetpack_post_was_ever_published":false,"footnotes":""},"class_list":["post-4","page","type-page","status-publish","has-post-thumbnail","hentry"],"jetpack_sharing_enabled":true,"jetpack_shortlink":"https:\/\/wp.me\/P25f0v-4","_links":{"self":[{"href":"http:\/\/www.germain.cl\/index.php?rest_route=\/wp\/v2\/pages\/4"}],"collection":[{"href":"http:\/\/www.germain.cl\/index.php?rest_route=\/wp\/v2\/pages"}],"about":[{"href":"http:\/\/www.germain.cl\/index.php?rest_route=\/wp\/v2\/types\/page"}],"author":[{"embeddable":true,"href":"http:\/\/www.germain.cl\/index.php?rest_route=\/wp\/v2\/users\/4"}],"replies":[{"embeddable":true,"href":"http:\/\/www.germain.cl\/index.php?rest_route=%2Fwp%2Fv2%2Fcomments&post=4"}],"version-history":[{"count":12,"href":"http:\/\/www.germain.cl\/index.php?rest_route=\/wp\/v2\/pages\/4\/revisions"}],"predecessor-version":[{"id":87,"href":"http:\/\/www.germain.cl\/index.php?rest_route=\/wp\/v2\/pages\/4\/revisions\/87"}],"wp:featuredmedia":[{"embeddable":true,"href":"http:\/\/www.germain.cl\/index.php?rest_route=\/wp\/v2\/media\/264"}],"wp:attachment":[{"href":"http:\/\/www.germain.cl\/index.php?rest_route=%2Fwp%2Fv2%2Fmedia&parent=4"}],"curies":[{"name":"wp","href":"https:\/\/api.w.org\/{rel}","templated":true}]}}